 10*u**2 - u + u**3 - v. Determine n(-10).
-4
Suppose 0 = 8*i - 70 - 18. Let z(c) = c**3 - 10*c**2 - 13*c + 25. Let a be z(i). Let b(o) = 16 - a*o - 14 - o**2 + 2*o**2. Determine b(2).
0
Let d(y) be the third derivative of -3*y**4/8 + 2*y**3/3 - 5*y**2 - 111*y. Give d(0).
4
Suppose 5*p - 3*p = 4. Let h(r) = r**2 + 11*r + 21. Let m be h(-9). Let w(u) = 5*u**p - 5 + 6 - u**2 + 3*u**3 - 2*u**m. Calculate w(-4).
1
Let g(f) = -2*f**3 - 4*f**2 + 3. Let n(a) = 118. Let m(r) = -42. Let c(o) = -14*m(o) - 5*n(o). Let j(q) = -3*c(q) - g(q). Determine j(-3).
-15
Let p = 56 + -51. Let g be 64/p*(-20)/(-8). Suppose -35*a - 9 = -g*a. Let v(k) = 2*k - 2. Give v(a).
-8
Suppose -457 = -15*c - 11*l + 10*l, 2*l = -2*c + 46. Let n(v) be the first derivative of 0*v + c + 1/2*v**2. Determine n(-6).
-6
Let z = -881 + 882. Let x(q) be the first derivative of 5*q**4/2 - 3*q**2/2 + 2*q + 47. Calculate x(z).
9
Let c(u) = u**3 - 12*u**2 + 2*u + 3. Let p(k) = 2*k**3 - 23*k**2 + 4*k + 7. Let j(l) = -7*c(l) + 4*p(l). Determine j(3).
-32
Let q(y) = -y**2 + 1 - 2*y + 2*y - y + 5*y. Let n = -8 - -8. Suppose -2*x - m = -x + 1, -5*m - 20 = n. Calculate q(x).
4
Let h(v) be the first derivative of v**4/4 + 2*v**3 - 11*v**2/2 - 17*v - 4140. Let a(d) = 6*d**3 - d - 2. Let u be a(-1). Calculate h(u).
11
Suppose 0 = 5*u - 2*f + 2, -4*u + 3*f - 8*f - 28 = 0. Suppose -125*j + 112*j = 0. Let w(d) = 4 - 66*d**2 + 2 + 67*d**2 - 3 + 4*d + j. Calculate w(u).
-1
Suppose -15 = -3*l, -3*x + 5*l + 36 - 10 = 0. Let d(f) = 2*f - 42. Give d(x).
-8
Let p(g) be the first derivative of g**4/4 + g**3/3 + g**2/2 + 37*g + 1504. What is p(0)?
37
Let w(t) be the third derivative of -2*t**4/3 - 37*t**3/6 + 31*t**2 - t. Let f be w(-3). Let q(o) = -o**2 + 11*o - 9. Calculate q(f).
-9
Let g = 201 - 190. Let n(j) = -15*j + 4 - 11*j**2 - g*j**2 + 23*j**2 + 9 - 2. Calculate n(15).
11
Let a(b) = -b**2 + 4*b + 15. Let s = -8417 - -8422. Give a(s).
10
Let c(p) = 10*p**2 + 3*p + 2. Suppose 20*s = 30 + 50. Suppose -d = 2*q - 9, -s*d + q = 6 + 3. Give c(d).
9
Let t(q) = q**2 + 11*q + 4. Suppose 5*r + 7*r - 156 = 0. Let v be t(r). Let b(o) = o - v - 2*o + 316. Calculate b(5).
-5
Let t(s) = s**2 + 31*s + 78. Suppose -5*d + 293 = -13*p, -p - 14*d - 29 = -16*d. Give t(p).
-132
Let z(w) = -w + 1. Let l(v) = -136 + 160 + 4*v + v. Let u be (0 - 3) + (1 - 4). Let o be l(u). Give z(o).
7
Let p(b) = 95*b**2 - 8*b + 1. Let r be p(1). Let h be (-192)/r + (-2)/(-11). Let s(g) = 2*g**2 + g + 2. What is s(h)?
8
Let a(u) = -3*u + 30. Suppose 5*w + z = 47, 6*w - 4*w + 2*z = 14. Let r be a(w). Let t be r/(11/(44/(-8))). Let i(d) = -d**3 - 2. What is i(t)?
-2
Let a(t) = -5*t**2 - t + 2. Let c(r) = -23*r**2 - 8*r + 24. Let v(z) = 4*a(z) - c(z). Calculate v(-3).
-1
Let c = -18 + 26. Let b(p) = -13 + c*p - 12*p + 6*p. Determine b(6).
-1
Let z(w) = 34*w + 228. Let y(t) = -200*t + 1593. Let c be y(8). What is z(c)?
-10
Let r(v) = 2*v**2 - 12*v + 16. Let s = -2087 - -2092. Calculate r(s).
6
Let f = -1209 - -1204. Let c(a) = -1 - 8*a - 3*a**2 + 3*a - 8*a**2. Let o(p) = -p**2 - p. Let z(m) = f*o(m) + c(m). What is z(1)?
-7
Suppose -7225*o + 7345*o = -1080. Let n(j) be the first derivative of j**4/4 + 10*j**3/3 + 5*j**2 + 13*j + 2. What is n(o)?
4
Let g(v) be the first derivative of -v**4/12 - v**3/3 - v**2 + 99*v - 85. Let j(m) be the first derivative of g(m). Calculate j(-2).
-2
Let i be 26/(-10) - (5 + 23/(-5)). Let m be (i + 5)/((-69)/(-21) + -3). Let l(u) = -4*u + 16 + 0*u - m - 12. Determine l(-3).
9
Let k(l) = -24*l + 6*l**2 - 20 - 7*l**2 + 15 - 55 - 41. Give k(-18).
7
Let s(i) = -i + 7. Let u(v) be the third derivative of v**4/24 - 4*v**3/3 + 13*v**2. Let p(f) = 4*s(f) + 3*u(f). Let o = 46 - 38. Determine p(o).
-4
Let l(q) = -q**3 + 15*q**2 + 77*q - 21. Let y be l(19). Let r(o) be the second derivative of 1/2*o**2 - 1/6*o**3 + o + 0. Calculate r(y).
3
Let d(i) be the second derivative of 34*i - 3*i**2 + 1/3*i**3 + 0. Suppose -21 = -r + 4*p + p, -9 = 3*p. What is d(r)?
6
Let q = 1716 - 1726. Let c(n) = n**3 + 8*n**2 - 18*n + 13. What is c(q)?
-7
Let b(c) be the third derivative of -5*c**4/8 + 44*c**3/3 + 511*c**2. Give b(7).
-17
Let y(x) be the third derivative of -1/24*x**4 + 0*x - 40*x**2 - 2/3*x**3 + 0. Suppose -w - 5*a + 23 = 0, 0 = 2*w + 2*a + 2*a - 22. What is y(w)?
-7
Let i(w) = 2*w**2 - 20*w + 34. Suppose 465*l + 3*o = 470*l - 28, 0 = l + 2*o - 16. Calculate i(l).
2
Let l(r) = -112*r**2 - 8 + 1 + 339*r**2 - 115*r**2 - 9*r - 113*r**2. Suppose 5*i - 20 + 55 = 0. Calculate l(i).
7
Let i(z) = -3*z**2 + 2*z**2 - 9*z + 3*z. Suppose 122*s + 663 + 597 = -58*s. What is i(s)?
-7
Let d(i) = i + 1. Let k(l) = -2*l. Let t(q) = -3*d(q) - k(q). Let w be (4 - 6 - 71)*1. Let a = 71 + w. Give t(a).
-1
Let a(o) be the second derivative of -o**5/60 + o**4/8 + 5*o**3/3 - 89*o**2/2 + 15*o. Let c(f) be the first derivative of a(f). Give c(7).
-18
Let b(p) = -2*p**2 + 10*p + 2. Let q = 7164 + -7162. Calculate b(q).
14
Let h(l) = -2*l**2 + 9*l - 28. Let f(d) = d**3 - 6*d**2 - 13*d + 84. Let z be f(6). Let j(u) = -u**2 + 5*u - 13. Let t(k) = z*h(k) - 13*j(k). What is t(9)?
-17
Let x be 2/(-3)*(-135)/(-9). Let s(k) = 9*k + 90. Let c be s(x). Let a(b) = 2*b + 6. What is a(c)?
6
Let w be 4 - (13 - -9) - 5. Let z(f) = -f**2 - 21*f + 49. Give z(w).
3
Suppose -5*j - 14 = 2*j. Let z = 4 - 1. Let n(w) = 10 + 3*w**z - 23*w - 13 + 3*w**2 + 20*w - 2*w**3. Calculate n(j).
7
Suppose -23 + 7 = -8*j. Let h(m) = 0 + 558*m - 551*m + m**3 + 6*m**j + 5. Let i be 4*(-2*1 + 1). What is h(i)?
9
Let b(i) = -33*i + 0*i**2 + 4*i**2 + 6 - 20*i - 2*i**2 + 45*i. What is b(7)?
48
Let g(q) be the third derivative of -q**6/120 - q**5/10 + q**4/12 + 5*q**3/6 + 2*q**2 + 207. What is g(-6)?
-7
Let y(m) be the first derivative of -m**4/24 - 11*m**3/6 + 2*m**2 + m - 66. Let c(w) be the second derivative of y(w). What is c(-5)?
-6
Let s(b) = -b - 8. Let f be 2/1 + (-40)/(-4). Let j(k) be the second derivative of -k**5/20 + k**4 - 7*k**2/2 - k. Let a be j(f). What is s(a)?
-1
Let b be (40/12)/(405/729). Let j(m) = -m**2 - 17*m + 149. Calculate j(b).
11
Suppose -9*m + 32 = -5*m. Let j(i) = -m - 3*i + 24 - 7 - 13. What is j(-5)?
11
Suppose 33 = 4*b - 2*b + 5*l, 4*l + 165 = 5*b. Suppose -b*v - 30 = -31*v. Let w(y) = -y + 14. Calculate w(v).
-1
Let f(s) = 3*s + 2. Suppose -9 + 38 = 4*y - 3*d, 5*d = -3*y. Suppose 2*j + 8 = v, 2*j + 5*v + y = -3. Give f(j).
-10
Let b be 3/(-8)*-8 - (-344)/1. Suppose 350 = 3*s + b. Let w(n) = 13*n + 1. What is w(s)?
14
Let j be (-279)/(-39) + 62/(-403). Let z(o) = 8*o + 3 + 2*o + 4*o**2 - 3*o**2 + 0 - j*o. Give z(-2).
1
Suppose -c = -3 + 2. Let o(f) = -8*f - 601 - 8*f**2 + 10*f + 600. Give o(c).
-7
Let l(t) be the first derivative of t**3/3 + 6*t**2 - 33*t - 194. Determine l(-15).
12
Let z be 16 - (6 - 5)*(-2 - -3). Let g be (4 + 19/(-5))*z. Let b(p) = 37*p - p**g - 36*p + 5*p**2 - 6 + 2*p**3. What is b(-5)?
-11
Let l(w) = w**2 + 62*w - 349. Let x be l(-67). Let q(i) = -i**3 - 16*i**2 - 27*i + 9. Calculate q(x).
-5
Let p(z) = 39*z**2 + 34*z - 3. Let r(f) = 72*f**2 + 68*f - 5. Let b(s) = -11*p(s) + 6*r(s). Determine b(-11).
-8
Let p(q) = -12*q - q**3 - 10*q**3 + 5*q**2 + 10 + 6*q**3 + 6*q**3. Let j be p(-7). Let o(u) = -6*u. Calculate o(j).
24
Let s(l) = 8*l**2 - 1. Let t = -239 + 249. Suppose 14 = 4*v + t. Determine s(v).
7
Let t be (-4)/(-10) + -4*3/30. Let x(c) = c**3 + c**2 + 2*c - 10. Calculate x(t).
-10
Let v(q) = q**3 - 16*q**2 + 17. Let d be v(16). Let c(b) = 7 + 21*b - d*b - 2*b**2 + b**2. Let f be -5*(6 + -11 + 4). What is c(f)?
2
Let s(j) = j**3 + 2*j**2 + 7*j + 3. Let l = 40942 - 40944. Give s(l).
-11
Let u = 5 - 3. Suppose -4*q = 8, -4*j + 6 = -u*q + 14. Let d(b) be the third derivative of b**4/24 - b**2 - 845. Give d(j).
-3
Let d be (12 - 14)/((-4)/6). Let u be 14/2 - 1 - 0. Let l(m) = 0*m - d*m - 2*m + u*m - 3. What is l(-4)?
-7
Let b(k) be the first derivative of 3*k**4/2 + k**3 - k**2/2 - k + 116. What is b(1)?
7
Let x(s) = 2 - 2 + 3*s + 3 - 6. Let f(p) = 16*p - 16. Let o(b) = 2*f(b) - 11*x(b). Let w(r) = -r**3 - 4*r**2 + 4*r - 10. Let q be w(-5). What is o(q)?
6
Let n(l) = -31*l - 5. Let k(j) be the second derivative of -j**3/6 - j**2/2 - 3*j + 6. Let i(g) = 6*k(g) - n(g). What is i(-1)?
-26
Let w(n) = n**2 + 17*n + 11. Let r(j) = 11*j**2 - 75*j -